{"id":212,"date":"2020-10-17T21:56:40","date_gmt":"2020-10-17T19:56:40","guid":{"rendered":"http:\/\/ecocityzen.fr\/?page_id=212"},"modified":"2025-09-09T15:24:19","modified_gmt":"2025-09-09T13:24:19","slug":"challenge-entreprise","status":"publish","type":"page","link":"https:\/\/ecocityzen.fr\/index.php\/challenge-entreprise\/","title":{"rendered":"Anti-gaspillage alimentaire et gestion de proximit\u00e9 des biod\u00e9chets"},"content":{"rendered":"\n<h2>Diagnostics anti-gaspillage alimentaire dans les cantines scolaires<\/h2>\n\n\n\n<p>Nous accompagnons les collectivit\u00e9s <strong>\u00e0 la r\u00e9alisation de diagnostics anti-gaspillage alimentaire<\/strong> dans les \u00e9tablissements scolaires, dans le but de :<\/p>\n\n\n\n<ul><li><strong>quantifier <\/strong>le niveau de gaspillage alimentaire des \u00e9tablissements ;<\/li><li><strong>\u00e9valuer le co\u00fbt<\/strong> pour les \u00e9tablissements (et donc les villes) ;<\/li><li><strong>proposer des actions correctives<\/strong> \u00e0 toutes les \u00e9chelles (villes, prestataire de restauration, personnel, \u00e9l\u00e8ves..), afin de r\u00e9duire ce gaspillage et donc ma\u00eetriser les co\u00fbts.<\/li><\/ul>\n\n\n\n<p><strong>M\u00e9thodologie<\/strong> <\/p>\n\n\n\n<ul><li>Campagne de <strong>pes\u00e9es<\/strong><\/li><li><strong>Enqu\u00eate<\/strong> convives<\/li><li><strong>Analyse<\/strong> qualitative et quantitative<\/li><li><strong>Pr\u00e9conisations<\/strong><\/li><\/ul>\n\n\n\n<figure class=\"wp-block-image size-large\"><img loading=\"lazy\" width=\"768\" height=\"1024\" src=\"https:\/\/ecocityzen.fr\/wp-content\/uploads\/2025\/09\/20250324_132911-768x1024.jpg\" alt=\"\" class=\"wp-image-892\" srcset=\"https:\/\/ecocityzen.fr\/wp-content\/uploads\/2025\/09\/20250324_132911-768x1024.jpg 768w, https:\/\/ecocityzen.fr\/wp-content\/uploads\/2025\/09\/20250324_132911-225x300.jpg 225w, https:\/\/ecocityzen.fr\/wp-content\/uploads\/2025\/09\/20250324_132911-1152x1536.jpg 1152w, https:\/\/ecocityzen.fr\/wp-content\/uploads\/2025\/09\/20250324_132911-1536x2048.jpg 1536w, https:\/\/ecocityzen.fr\/wp-content\/uploads\/2025\/09\/20250324_132911-scaled.jpg 1920w\" sizes=\"(max-width: 768px) 100vw, 768px\" \/><\/figure>\n\n\n\n<h2>Gestion de proximit\u00e9 des biod\u00e9chets<\/h2>\n\n\n\n<p>Vos <strong>d\u00e9chets alimentaires<\/strong> ont de l&rsquo;avenir ! Chez Ecocityzen, nous sommes certifi\u00e9s Ma\u00eetres-Composteurs et nous vous accompagnons dans la mise en place de vos projets de compostage : <\/p>\n\n\n\n<ul><li><strong>Compostage en pied d\u2019immeuble<\/strong> (r\u00e9sidences, entreprises).<\/li><\/ul>\n\n\n\n<ul><li><strong>Compostage en \u00e9tablissements scolaires&nbsp;<\/strong>: programme incluant une sensibilisation sur le gaspillage alimentaire ainsi qu\u2019un programme p\u00e9dagogique 0 d\u00e9chet pour les \u00e9l\u00e8ves.<\/li><\/ul>\n\n\n\n<p>Ces actions int\u00e8grent: <strong>diagnostic, formation, installation, suivi, \u00e9valuation.<\/strong><\/p>\n\n\n\n<ul><li><strong>Animations en milieu scolaire,<\/strong> <strong>aupr\u00e8s du grand public, des salari\u00e9s d\u2019entreprises<\/strong>&nbsp;: initier une d\u00e9marche 0 d\u00e9chet, le r\u00f4le de nos sols, les grandes \u00e9tapes du compostage, la gestion int\u00e9gr\u00e9e&nbsp;\u2026<\/li><\/ul>\n\n\n\n<p>Depuis 1er janvier 2024, l&rsquo;<strong>obligation du tri \u00e0 la source et de valorisation des biod\u00e9chets<\/strong> s&rsquo;applique \u00e0 TOUS !<\/p>\n\n\n\n<figure class=\"wp-block-image size-large\"><img loading=\"lazy\" width=\"720\" height=\"960\" src=\"https:\/\/ecocityzen.fr\/wp-content\/uploads\/2021\/04\/165525759_249881926824789_4762311813106272099_n.jpg\" alt=\"\" class=\"wp-image-501\" srcset=\"https:\/\/ecocityzen.fr\/wp-content\/uploads\/2021\/04\/165525759_249881926824789_4762311813106272099_n.jpg 720w, https:\/\/ecocityzen.fr\/wp-content\/uploads\/2021\/04\/165525759_249881926824789_4762311813106272099_n-225x300.jpg 225w\" sizes=\"(max-width: 720px) 100vw, 720px\" \/><\/figure>\n\n\n\n<p><strong>Composter <\/strong>permet le <strong>retour \u00e0 la terre <\/strong>des mati\u00e8res organiques.<\/p>\n\n\n\n<figure class=\"wp-block-image size-large\"><img loading=\"lazy\" width=\"720\" height=\"960\" src=\"https:\/\/ecocityzen.fr\/wp-content\/uploads\/2021\/04\/164802178_249881886824793_1266418374338095311_n.jpg\" alt=\"\" class=\"wp-image-502\" srcset=\"https:\/\/ecocityzen.fr\/wp-content\/uploads\/2021\/04\/164802178_249881886824793_1266418374338095311_n.jpg 720w, https:\/\/ecocityzen.fr\/wp-content\/uploads\/2021\/04\/164802178_249881886824793_1266418374338095311_n-225x300.jpg 225w\" sizes=\"(max-width: 720px) 100vw, 720px\" \/><\/figure>\n\n\n\n<p>Le<strong> compostage partag\u00e9<\/strong> permet \u00e0 des citoyens de se r\u00e9unir autour d&rsquo;un projet commun. C&rsquo;est un formidable outil de <strong>lien social<\/strong>.<\/p>\n","protected":false},"excerpt":{"rendered":"<p>Diagnostics anti-gaspillage alimentaire dans les cantines scolaires Nous accompagnons les collectivit\u00e9s \u00e0 la r\u00e9alisation de diagnostics anti-gaspillage alimentaire dans les \u00e9tablissements scolaires, dans le but de : quantifier le niveau de gaspillage alimentaire des \u00e9tablissements ; \u00e9valuer le co\u00fbt pour&hellip;<\/p>\n","protected":false},"author":1,"featured_media":0,"parent":0,"menu_order":0,"comment_status":"closed","ping_status":"closed","template":"","meta":[],"yoast_head":"<!-- This site is optimized with the Yoast SEO plugin v15.2.1 - https:\/\/yoast.com\/wordpress\/plugins\/seo\/ -->\n<title>Anti-gaspillage alimentaire et gestion de proximit\u00e9 des biod\u00e9chets - Ecocityzen<\/title>\n<meta name=\"robots\" content=\"index, follow, max-snippet:-1, max-image-preview:large, max-video-preview:-1\" \/>\n<link rel=\"canonical\" href=\"https:\/\/ecocityzen.fr\/index.php\/challenge-entreprise\/\" \/>\n<meta property=\"og:locale\" content=\"fr_FR\" \/>\n<meta property=\"og:type\" content=\"article\" \/>\n<meta property=\"og:title\" content=\"Anti-gaspillage alimentaire et gestion de proximit\u00e9 des biod\u00e9chets - Ecocityzen\" \/>\n<meta property=\"og:description\" content=\"Diagnostics anti-gaspillage alimentaire dans les cantines scolaires Nous accompagnons les collectivit\u00e9s \u00e0 la r\u00e9alisation de diagnostics anti-gaspillage alimentaire dans les \u00e9tablissements scolaires, dans le but de : quantifier le niveau de gaspillage alimentaire des \u00e9tablissements ; \u00e9valuer le co\u00fbt pour&hellip;\" \/>\n<meta property=\"og:url\" content=\"https:\/\/ecocityzen.fr\/index.php\/challenge-entreprise\/\" \/>\n<meta property=\"og:site_name\" content=\"Ecocityzen\" \/>\n<meta property=\"article:modified_time\" content=\"2025-09-09T13:24:19+00:00\" \/>\n<meta property=\"og:image\" content=\"https:\/\/ecocityzen.fr\/wp-content\/uploads\/2025\/09\/20250324_132911-768x1024.jpg\" \/>\n<meta name=\"twitter:card\" content=\"summary_large_image\" \/>\n<script type=\"application\/ld+json\" class=\"yoast-schema-graph\">{\"@context\":\"https:\/\/schema.org\",\"@graph\":[{\"@type\":\"WebSite\",\"@id\":\"https:\/\/ecocityzen.fr\/#website\",\"url\":\"https:\/\/ecocityzen.fr\/\",\"name\":\"Ecocityzen\",\"description\":\"Devenez acteurs de la ville durable\",\"potentialAction\":[{\"@type\":\"SearchAction\",\"target\":\"https:\/\/ecocityzen.fr\/?s={search_term_string}\",\"query-input\":\"required name=search_term_string\"}],\"inLanguage\":\"fr-FR\"},{\"@type\":\"ImageObject\",\"@id\":\"https:\/\/ecocityzen.fr\/index.php\/challenge-entreprise\/#primaryimage\",\"inLanguage\":\"fr-FR\",\"url\":\"https:\/\/ecocityzen.fr\/wp-content\/uploads\/2025\/09\/20250324_132911-scaled.jpg\",\"width\":1920,\"height\":2560},{\"@type\":\"WebPage\",\"@id\":\"https:\/\/ecocityzen.fr\/index.php\/challenge-entreprise\/#webpage\",\"url\":\"https:\/\/ecocityzen.fr\/index.php\/challenge-entreprise\/\",\"name\":\"Anti-gaspillage alimentaire et gestion de proximit\\u00e9 des biod\\u00e9chets - Ecocityzen\",\"isPartOf\":{\"@id\":\"https:\/\/ecocityzen.fr\/#website\"},\"primaryImageOfPage\":{\"@id\":\"https:\/\/ecocityzen.fr\/index.php\/challenge-entreprise\/#primaryimage\"},\"datePublished\":\"2020-10-17T19:56:40+00:00\",\"dateModified\":\"2025-09-09T13:24:19+00:00\",\"inLanguage\":\"fr-FR\",\"potentialAction\":[{\"@type\":\"ReadAction\",\"target\":[\"https:\/\/ecocityzen.fr\/index.php\/challenge-entreprise\/\"]}]}]}<\/script>\n<!-- \/ Yoast SEO plugin. -->","_links":{"self":[{"href":"https:\/\/ecocityzen.fr\/index.php\/wp-json\/wp\/v2\/pages\/212"}],"collection":[{"href":"https:\/\/ecocityzen.fr\/index.php\/wp-json\/wp\/v2\/pages"}],"about":[{"href":"https:\/\/ecocityzen.fr\/index.php\/wp-json\/wp\/v2\/types\/page"}],"author":[{"embeddable":true,"href":"https:\/\/ecocityzen.fr\/index.php\/wp-json\/wp\/v2\/users\/1"}],"replies":[{"embeddable":true,"href":"https:\/\/ecocityzen.fr\/index.php\/wp-json\/wp\/v2\/comments?post=212"}],"version-history":[{"count":13,"href":"https:\/\/ecocityzen.fr\/index.php\/wp-json\/wp\/v2\/pages\/212\/revisions"}],"predecessor-version":[{"id":895,"href":"https:\/\/ecocityzen.fr\/index.php\/wp-json\/wp\/v2\/pages\/212\/revisions\/895"}],"wp:attachment":[{"href":"https:\/\/ecocityzen.fr\/index.php\/wp-json\/wp\/v2\/media?parent=212"}],"curies":[{"name":"wp","href":"https:\/\/api.w.org\/{rel}","templated":true}]}}